digit of 2754?
7
What is the tens digit of 18870?
7
What is the hundreds digit of 17150?
1
What is the hundreds digit of 37068?
0
What is the units digit of 32675?
5
What is the units digit of 5509?
9
What is the hundreds digit of 38934?
9
What is the hundreds digit of 21733?
7
What is the units digit of 3607?
7
What is the hundreds digit of 1334?
3
What is the units digit of 1506?
6
What is the tens digit of 768?
6
What is the tens digit of 15488?
8
What is the ten thousands digit of 117540?
1
What is the ten thousands digit of 14044?
1
What is the tens digit of 244?
4
What is the units digit of 125?
5
What is the hundreds digit of 147563?
5
What is the units digit of 69163?
3
What is the hundreds digit of 2518?
5
What is the hundred thousands digit of 173596?
1
What is the thousands digit of 1325?
1
What is the tens digit of 9350?
5
What is the units digit of 4817?
7
What is the units digit of 1596?
6
What is the hundreds digit of 2383?
3
What is the units digit of 33270?
0
What is the thousands digit of 12613?
2
What is the hundred thousands digit of 118120?
1
What is the thousands digit of 2201?
2
What is the units digit of 1300?
0
What is the thousands digit of 8333?
8
What is the tens digit of 904?
0
What is the hundreds digit of 23499?
4
What is the tens digit of 2401?
0
What is the thousands digit of 8410?
8
What is the hundreds digit of 2014?
0
What is the hundreds digit of 603?
6
What is the thousands digit of 27646?
7
What is the hundreds digit of 102547?
5
What is the hundreds digit of 674?
6
What is the tens digit of 575?
7
What is the thousands digit of 54807?
4
What is the tens digit of 63900?
0
What is the units digit of 688?
8
What is the ten thousands digit of 150041?
5
What is the tens digit of 51?
5
What is the units digit of 177?
7
What is the ten thousands digit of 18196?
1
What is the units digit of 106125?
5
What is the hundreds digit of 738?
7
What is the ten thousands digit of 75306?
7
What is the units digit of 50182?
2
What is the tens digit of 1557?
5
What is the hundreds digit of 8233?
2
What is the units digit of 16909?
9
What is the hundreds digit of 43233?
2
What is the thousands digit of 1860?
1
What is the tens digit of 8590?
9
What is the hundreds digit of 4684?
6
What is the units digit of 35969?
9
What is the tens digit of 37496?
9
What is the units digit of 949?
9
What is the hundreds digit of 10086?
0
What is the hundreds digit of 3782?
7
What is the units digit of 40109?
9
What is the thousands digit of 1708?
1
What is the ten thousands digit of 47712?
4
What is the units digit of 2632?
2
What is the units digit of 435?
5
What is the tens digit of 9915?
1
What is the tens digit of 91194?
9
What is the units digit of 926?
6
What is the units digit of 71589?
9
What is the units digit of 1450?
0
What is the hundreds digit of 2174?
1
What is the thousands digit of 6501?
6
What is the thousands digit of 11926?
1
What is the hundreds digit of 4728?
7
What is the ten thousands digit of 85853?
8
What is the hundreds digit of 385?
3
What is the units digit of 61195?
5
What is the thousands digit of 35595?
5
What is the ten thousands digit of 91308?
9
What is the hundreds digit of 34344?
3
What is the tens digit of 3623?
2
What is the tens digit of 9295?
9
What is the hundreds digit of 23438?
4
What is the hundreds digit of 74988?
9
What is the units digit of 4607?
7
What is the hundreds digit of 7469?
4
What is the units digit of 103?
3
What is the hundreds digit of 1335?
3
What is the units digit of 53074?
4
What is the hundreds digit of 423?
4
What is the units digit of 2654?
4
What is the hundreds digit of 22488?
4
What is the units digit of 14038?
8
What is the units digit of 5578?
8
What is the hundreds digit of 1346?
3
What is the thousands digit of 1340?
1
What is the hundreds digit of 7472?
4
What is the units digit of 28397?
7
What is the hundreds digit of 4325?
3
What is the thousands digit of 4411?
4
What is the tens digit of 4106?
0
What is the units digit of 2100?
0
What is the tens digit of 9727?
2
What is the units digit of 18262?
2
What is the tens digit of 14578?
7
What is the tens digit of 272?
7
What is the thousands digit of 1508?
1
What is the tens digit of 5523?
2
What is the tens digit of 878?
7
What is the ten thousands digit of 103218?
0
What is the hundreds digit of 197?
1
What is the tens digit of 87418?
1
What is the units digit of 61209?
9
What is the hundreds digit of 1385?
3
What is the thousands digit of 1200?
1
What is the hundreds digit of 1237?
2
What is the ten thousands digit of 17181?
1
What is the tens digit of 25392?
9
What is the hundreds digit of 15114?
1
What is the units digit of 16898?
8
What is the hundreds digit of 22188?
1
What is the hundreds digit of 39288?
2
What is the thousands digit of 14989?
4
What is the tens digit of 14280?
8
What is the thousands digit of 113594?
3
What is the tens digit of 604?
0
What is the units digit of 3601?
1
What is the units digit of 11929?
9
What is the tens digit of 54808?
0
What is the hundreds digit of 2266?
2
What is the units digit of 2031?
1
What is the hundreds digit of 14851?
8
What is the units digit of 14045?
5
What is the ten thousands digit of 12131?
1
What is the units digit of 1717?
7
What is the hundreds digit of 5748?
7
What is the units digit of 1590?
0
What is the hundreds digit of 2313?
3
What is the units digit of 25909?
9
What is the hundreds digit of 1599?
5
What is the tens digit of 16973?
7
What is the units digit of 2239?
9
What is the tens digit of 8908?
0
What is the ten thousands digit of 114494?
1
What is the ten thousands digit of 25674?
2
What is the units digit of 7864?
4
What is the thousands digit of 189770?
9
What is the ten thousands digit of 13578?
1
What is the units digit of 24431?
1
What is the hundreds digit of 3878?
8
What is the hundreds digit of 43096?
0
What is the ten thousands digit of 41175?
4
What is the hundreds digit of 4994?
9
What is the hundreds digit of 2433?
4
What is the hundreds digit of 35780?
7
What is the units digit of 146732?
2
What is the units digit of 938?
8
What is the thousands digit of 2954?
2
What is the hundreds digit of 26281?
2
What is the tens digit of 121135?
3
What is the units digit of 2225?
5
What is the units digit of 9197?
7
What is the ten thousands digit of 204752?
0
What is the units digit of 4849?
9
What is the units digit of 1655?
5
What is the thousands digit of 59875?
9
What is the units digit of 140798?
8
What is the units digit of 36297?
7
What is the thousands digit of 3719?
3
What is the hundreds digit of 3643?
6
What is the tens digit of 10848?
4
What is the units digit of 783?
3
What is the hundreds digit of 8743?
7
What is the tens digit of 77669?
6
What is the thousands digit of 2564?
2
What is the thousands digit of 60965?
0
What is the units digit of 411?
1
What is the thousands digit of 2584?
2
What is the ten thousands digit of 11788?
1
What is the hundreds digit of 87894?
8
What is the units digit of 54844?
4
What is the tens digit of 3628?
2
What is the units digit of 2044?
4
What is the units digit of 5959?
9
What is the thousands digit of 2017?
2
What is the units digit of 4908?
8
What is the tens digit of 316?
1
What is the tens digit of 96211?
1
What is the tens digit of 3778?
7
What is the units digit of 2133?
3
What is the thousands digit of 4922?
4
What is the hundreds digit of 907?
9
What is the tens digit of 297?
9
What is the hundreds digit of 14358?
3
What is the hundreds digit of 3774?
7
What is the thousands digit of 30912?
0
What is the units digit of 14319?
9
What is the units digit of 29686?
6
What is the units digit of 4756?
6
What is the thousands digit of 1192?
1
What is the units digit of 12989?
9
What is the tens digit of 74667?
6
What is the thousands digit of 1367?
1
What is the thousands digit of 7545?
7
What is the units digit of 1835?
5
What is the hundred thousands digit of 118326?
1
What is the thousands digit of 1629?
1
What is the tens digit of 42807?
0
What is the tens digit of 1582?
8
What is the tens digit of 507?
0
What is the tens digit of 7630?
3
What is the hundreds digit of 9688?
6
What is the tens digit of 799?
9
What is the tens digit of 2903?
0
What is the thousands digit of 4042?
4
Wh